late s(r).
9
Let m(p) = -6*p + 5. Let l be (-1)/(-2) - (-5)/10. Let w(h) = -h**2 + h. Let u(d) = l*w(d) - m(d). Suppose -3*c + 12 + 6 = 0. Determine u(c).
1
Let b = -9 + 10. Suppose 6 = 5*m + b. Let q(g) = -6*g**2 - 5*g + 4. Let y(d) = 17*d**2 + 14*d - 11. Let i(u) = -8*q(u) - 3*y(u). Calculate i(m).
-4
Let l(o) = o**3 - 2*o + 4. Let p be l(3). Let i be (-5)/p - 16/(-5). Let j(f) = -7 - 4*f**2 + i + 3*f**2 - 2*f + 3*f. Calculate j(-3).
-16
Let c be 6/(-4) + ((-63)/6)/(-3). Let y(d) = -1140*d**c - 14*d - 6 + 4*d + 1141*d**2. Calculate y(10).
-6
Suppose 7*k - 14 = -42. Let r(b) = -2*b**2 - 3*b - 1. Give r(k).
-21
Let m(u) be the first derivative of 3*u**2 - 4*u - 93. Give m(7).
38
Let h = 864 - 866. Let r(a) = -2*a**2 - 5*a - 1. What is r(h)?
1
Suppose i = 5*i. Let o = -62 - -64. Let z(f) = 10 - 15 + f**o + 2 + f. What is z(i)?
-3
Let u(k) = -2*k - 2. Suppose -5*t - 5*a = -70, 3*t - 56 = a - 18. Suppose t*h - 2 = 14*h. Give u(h).
2
Let b(v) = v + 2. Let w(x) = -2. Let t(p) = 2*b(p) + 3*w(p). Let i be 4 - ((-6)/6 - -5 - -7). What is t(i)?
-16
Let h be (-1*1)/(-2 - -3). Let u(g) = -8*g - 14. Let f(d) = -24*d - 49. Let m(i) = -2*f(i) + 7*u(i). Determine m(h).
8
Let b(k) = k**2 + 5. Let x be 17 + -19 + -1*3. Give b(x).
30
Let l(g) be the third derivative of g**5/60 + g**4/24 - g**3/3 + 2*g**2 - 2. Calculate l(-4).
10
Suppose 22*r = -3*c + 20*r - 2, 0 = -5*c - 5*r + 5. Suppose 3*t + t + 1 = -3*a, a - 5 = -4*t. Let w(o) = -2*o - 6 - t*o + 2*o. Calculate w(c).
2
Let y be -1*(-1)/3*3. Let l(q) = -q + y - q - 5. Let t = -25 + 28. Give l(t).
-10
Let n be 1/(-1 + 2) - (35 - 36). Let b(y) = 3*y**3 - 3*y**2 + y + 1. Determine b(n).
15
Let g(t) = -t**3 + 39*t + 4 - 43*t - 2 - 5*t**2. Suppose 3*v - 3*i + 3 = 0, 9*v - 16 = 4*v - 2*i. Suppose 0 = 5*f + 22 - v. Calculate g(f).
2
Let s(x) be the third derivative of -x**6/360 - x**5/30 + 11*x**3/3 + 15*x**2 + x. Let d(n) be the first derivative of s(n). Give d(-3).
3
Let o(j) = 2*j**3 + 2*j**2 - 2*j + 1. Suppose 6 = 3*y - 6. Suppose 2*s + 0*s + 4*i = 18, 3*i = -y*s + 16. Calculate o(s).
3
Suppose 5*m - 6*m = -6. Let h(q) = 2*q**2 - 2. Let t be h(2). Let a = t - m. Let u(i) = -i**2 - i + 7. Determine u(a).
7
Let w(r) = 9*r**2 - 7*r + 2. Let k(u) = 4*u**2 - 4*u + 1. Let a(d) = 7*k(d) - 3*w(d). Let g be ((-21)/(-6))/((-2)/(-4)). Let t be (6/5)/(g/35). Calculate a(t).
-5
Suppose -4*i + 3*t + 14 + 8 = 0, -5*i + 2*t = -31. Let k(m) = i + 43*m - 22*m - 22*m. Determine k(0).
7
Suppose -10 = 163*q - 158*q. Let o(k) = 32*k + 17. Let a(y) = 8*y + 4. Let s(f) = -9*a(f) + 2*o(f). Give s(q).
14
Let u(g) be the second derivative of -g**5/20 + 5*g**4/6 + g**3/2 + g**2 - 462*g. What is u(10)?
32
Let m(q) = -q**2 - 2*q + 1. Let p = 75 + -78. Let s be ((-2)/p*-1)/(2/9). What is m(s)?
-2
Let g(i) = i**2 + 10*i + 5. Let l be (12 + 6)*(-1)/2. Determine g(l).
-4
Let x(c) = 12*c. Suppose -4*z + 18 = f - 3*f, -3*z + 3*f + 15 = 0. Suppose z*g = 17 - 13. Calculate x(g).
12
Let s(h) = -6 + 10*h - 7*h**2 + 3 + 6*h**2 - 7. What is s(8)?
6
Let d(t) = -t**3 - 3*t**2 - 2*t + 2. Let v(x) = x**2 + 11*x - 24. Let f be v(-13). Let n be (f/(-7))/(1/7). Calculate d(n).
2
Let i(x) = x**3 + 4*x**2 + 2*x + 4. Suppose 3 = 5*g + 23. Determine i(g).
-4
Let y(a) be the first derivative of a**6/360 - a**5/30 + 5*a**4/24 - 13*a**3/3 + 12. Let x(n) be the third derivative of y(n). Determine x(4).
5
Let k(z) be the third derivative of z**4/8 - 2*z**3/3 - 3*z**2 - 8*z. Give k(7).
17
Let k(s) be the first derivative of -s**3/3 - s - 2. Let d(r) = r**3 - r + 3. Let v be d(0). Suppose -g = -v*g. Give k(g).
-1
Let x(a) be the third derivative of -a**5/60 - a**3/3 - 4*a**2. Suppose -3*w - 5*s = 10, 6*w + 3*s + 6 = 5*w. Give x(w).
-2
Let p be 42/15 + 2/10 - 6. Let o(q) = -q**2 + 3*q + 13. What is o(p)?
-5
Let l(b) = 7*b + 5*b**2 + 21 + 10*b + 6*b**2. Let i(f) = 5*f**2 + 8*f + 10. Let x(t) = -9*i(t) + 4*l(t). What is x(-6)?
-18
Let l = 31 + -33. Let j(n) = n**2 - 2*n - 3. Give j(l).
5
Let h(f) be the first derivative of 23*f**2/2 - f - 19. What is h(1)?
22
Let n(p) = -5*p + 10 - p**2 - 10 - 17 + 16. Determine n(-1).
3
Let m(f) be the first derivative of f**2/2 - 3*f - 178. Determine m(6).
3
Let q(d) = d**2 - 7*d - 26. Let p be (-14)/35*(6 - 31). Determine q(p).
4
Let z(w) = -2*w**2 - 10*w + 4. Let a = 1568 + -1573. What is z(a)?
4
Let m = -1325 + 1309. Let k(p) = -2*p - 18. Calculate k(m).
14
Let o(t) = -t - 2. Let x(j) be the first derivative of -j**2/2 - 2*j + 4. Let u be x(-6). Suppose -u*n - n = 0. Give o(n).
-2
Let t(k) = -k**2 + 13*k + 19. Let p = 989 - 975. Determine t(p).
5
Suppose v = -h + 12, 0*h + h - v = 18. Let f be 4/(-12) - 250/h. Let x = f + 19. Let k(a) = 2*a**2 + 2*a - 2. Calculate k(x).
10
Let d(l) = -l**2 - 13*l - 18. Let c(q) = q**2 + q. Let f(t) = -2*c(t) - d(t). Calculate f(13).
-8
Let u(c) = -5*c**2 - 6*c + 5. Let b(s) = 6*s**2 + 6*s - 5. Suppose 0*f - 4 = -f. Let i be (f*(3 + -5))/(-2). Let n(a) = i*b(a) + 5*u(a). Give n(-6).
5
Suppose w + c + 4*c + 3 = 0, 3*c = 0. Let t(n) = 2*n**2 + 2*n + 3. What is t(w)?
15
Let a(k) = k**2 - 2*k + 1. Suppose 5*x - 8 - 21 = -s, 2*s - 8 = 0. Let v be (27/45)/(1/x). What is a(v)?
4
Let r be -1 + 4/8*-2. Let t = r + -5. Let u(f) = 5 + 8*f - 2*f + f - 6*f. Give u(t).
-2
Let f be (16/10)/(8/20). Suppose -q - 3*y + f = 7, -q - 5*y - 3 = 0. Let k(d) be the second derivative of -d**5/20 - d**4/6 + d**3/2 + 2*d**2 + 23*d. Give k(q).
4
Let l(d) = -5*d + 23. Let s be l(3). Let t(o) be the first derivative of 1/2*o**2 - s*o + 1. Give t(0).
-8
Let p(l) = -l**3 - 7*l**2 - 7*l + 3. Let f be p(-6). Let t(z) = -3*z - 10. Let q(n) = -5*n - 11. Let j(u) = -2*q(u) + 3*t(u). Determine j(f).
1
Let r be 13/(-26) - (-26)/4. Let p(k) = r*k - 3*k + 0*k + 7 + 0*k. Calculate p(-6).
-11
Suppose -3*l + 15 = 0, -5*b - l - 17 = -67. Let x = b - 13. Let t(o) be the first derivative of o**4/4 + o**3 + 5*o + 7977. Give t(x).
-11
Let c(h) be the first derivative of h + 1/4*h**4 + 1/3*h**3 + 0*h**2 + 11. Determine c(-1).
1
Let w be (-4)/26 - 164/(-52). Suppose x + 7 = -x + w*o, 7 = 3*x - o. Let z(n) = n**2 - 4*n. What is z(x)?
0
Let r(z) = 5*z. Suppose 19 = 4*n + 27. Calculate r(n).
-10
Let s(l) be the third derivative of -l**6/60 + l**5/60 + l**4/12 + l**2. Suppose 6 = 3*w - 6. Let x(a) = 3*a - 10. Let m be x(w). Give s(m).
-8
Let y(i) be the second derivative of -5*i**3/6 + 5*i**2/2 + 37*i + 1. Determine y(-6).
35
Let q(h) = 3*h**2 + 7*h - 7 - 11*h**2 + h**2 + 6*h**2 + 2*h**2. Give q(-8).
1
Suppose -3*w = -2 + 14. Let n(m) = -8*m - m - 7*m + 17*m. Calculate n(w).
-4
Suppose -17 = 4*f - a, 3*f - a + 7 = -7. Suppose -3*c + 31 = 5*v, 2*c - 7 = c - v. Let o(t) = t**3 + 14*t + 7*t - c*t**2 - 19*t + 6*t**2. Calculate o(f).
3
Let b be (3 - 0)*637/39. Let z be 308/b + 2/(-7). Let r(c) = c**2 - 5*c + 9. Calculate r(z).
15
Suppose 3*f - 3*w = 0, 2*f - 5 + 3 = 3*w. Let u(s) = -2*s**3 - 3*s**2 - 2*s. Give u(f).
8
Let i(w) = -w**3 - w - 2. Suppose 0 = 2*f + 3*n - 0 - 4, 2*f + 5*n = 0. Suppose f*z + h - 93 - 27 = 0, 3*z - h = 80. Let o be 2/(-5) - 40/z. Calculate i(o).
8
Suppose -2*s - 49 = -55. Suppose 0 = 3*n + 3*f + 30, 2*f - s - 7 = 4*n. Let j(p) = -p**3 - 6*p**2 + p + 7. Give j(n).
-23
Let z(f) = 2*f**2 - 6*f + 2. Let a be (-667)/(-116) + (-6)/8. Determine z(a).
22
Let g(a) = -2*a**3 - 20*a**2 - 15*a + 22. Let x be g(-9). Let w(f) = 3*f - 11. Let d = 6 + -11. Let t(b) = -b + 5. Let o(y) = d*t(y) - 2*w(y). Give o(x).
2
Suppose 0*t = 3*t. Suppose -7*f + 111 = 34. Let o(p) = f + p - 2*p + t*p - 3. Calculate o(6).
2
Let r(a) = -6*a**3 + 3*a**2 + 4*a. Let m(y) = -12*y**3 + 5*y**2 + 7*y. Let b(x) = -3*m(x) + 5*r(x). Determine b(1).
5
Let v be (-1 - (-5)/5) + 116/2. Let m(s) = v - 27 - s - 31. Give m(6).
-6
Let h be (-1)/((-6)/24) - 8/(-2). Let s(q) = -q - 1. Let d(p) = -4*p - 4. Let v(o) = h*s(o) - d(o). Let f = -8 - -4. Give v(f).
12
Let r be 12/30 - 144/10. Let t = r + 16. Let s(m) = 2*m**t + 0*m**2 - 1 + 7*m + 0*m. Calculate s(-5).
14
Let t(r) = -r**2 + 8*r - 3. Let m(g) = g**2 - 8*g + 4. Let u(q) = -6*m(q) - 5*t(q). Suppose -538 = 13*p + 606. Let n = -82 - p. Calculate u(n).
3
Let p(y) = y**2 + y - 14. Let h be p(-5). Let b(z) = 5*z + 7*z - 6 + h*z - 19*z. Suppose 0 = 4*u + u. Calculate b(u).
-6
Let v(w) = 48*w + 7. Let j be v(3). Suppose -3*p = -j + 4